b(y) = 24*y**3 - y**2 + 2. Let s be b(1). Calculate the greatest common divisor of s and 15.
5
Let u be (-18)/12 - (-189)/2. Calculate the highest common factor of u and 31.
31
Suppose -1 = -g + 5. Let c be (-21 + g)*128/(-6). Let j be (c/6)/(3/9). Calculate the greatest common factor of 20 and j.
20
Let p be 210/24 - 3/4. Suppose 2*r - p - 2 = 0. Suppose 0 = r*l, -w + 42 + 70 = -3*l. Calculate the greatest common factor of 16 and w.
16
Let j be 2 - (-2064)/10 - 24/60. What is the greatest common divisor of j and 13?
13
Suppose 0 = -2*u + 6, 0 = -5*p + 2*u + 2*u + 3. Suppose p*t + 18 = 144. Let y be 2/11 + t/11. What is the highest common factor of 4 and y?
4
Let p be 5 + 3*4/12. Suppose p*b - 144 = 3*b. Suppose 0*q - c + 20 = 2*q, 32 = 4*q + 4*c. Calculate the highest common factor of b and q.
12
Suppose -3*a - 144 = -5*a. Calculate the highest common factor of 18 and a.
18
Suppose -6*s + s = -5. Calculate the highest common divisor of s and 2.
1
Let j be 106/3 + (-22)/(-33). What is the highest common divisor of 27 and j?
9
Let p be (-1630)/(-50) - (-2)/5. Calculate the greatest common factor of p and 11.
11
Suppose a = 2*a - 40. What is the greatest common divisor of 20 and a?
20
Suppose -3*z + 5*u = 62, -4*z - z = -3*u + 114. Let a = -3 - z. What is the greatest common factor of a and 14?
7
Let c = 260 - 380. Let q = -72 - c. Suppose -5*p = 3 - 83. What is the highest common divisor of q and p?
16
Suppose -147 = 3*z + 15. Let o = -12 - z. Suppose -4*y + y = -o. Calculate the greatest common divisor of 56 and y.
14
Let n(y) = y**3 + 4*y**2 - 2*y - 6. Let w be n(-4). What is the highest common divisor of 18 and w?
2
Let j(f) = -2*f - 1. Let v be j(-2). Suppose 0 = 2*l - 9 - 9. Calculate the greatest common divisor of v and l.
3
Let o = 18 + 15. Suppose 7*r + 5 = 2*r. Let g = o + r. What is the highest common divisor of 4 and g?
4
Let n(i) = 47*i + 2. Let s be (-6 + 5)/(2/(-4)). Let h be n(s). What is the greatest common divisor of h and 12?
12
Let a(s) = 9*s**3 - s**2 - 4*s + 3. Let c be a(2). Suppose -2*q = -q - c. What is the greatest common divisor of q and 9?
9
Let o(w) = 32*w**2 - 2*w - 1. Let u be o(-1). Let y be (u/(-3) + 1)*-3. What is the highest common factor of y and 12?
6
Suppose -3*n - 2*n - 13 = g, 25 = 5*g - 5*n. Let d be -38*g*1/(-4). What is the highest common divisor of 19 and d?
19
Suppose 12 = 4*y, 2*y = 3*t - 3*y. Calculate the highest common factor of t and 1.
1
Let b be 213/6*4/2. Suppose 2*z + 4 = 0, 3*z - 6*z = -5*u + b. Calculate the highest common divisor of 39 and u.
13
Let v be 4/(-10) + 8/20. Suppose 0 = -2*g + y + 25, -5*y - 27 = -3*g - v*y. Calculate the greatest common factor of 14 and g.
14
Suppose 0*q - 2*q - 116 = -4*y, -5*y + 2*q + 145 = 0. Let p = -11 + y. Let r be (120/p)/((-2)/(-6)). Calculate the greatest common divisor of r and 2.
2
Let t be -1*6*(-1)/3. Let c be 23*(-1)/2*t. Let q = c - -49. Calculate the greatest common factor of 13 and q.
13
Let z be 32 + (2 - -2) + -4. Calculate the highest common factor of z and 8.
8
Let u(r) = r**3 + 2*r**2 - 2*r - 3. Let b be u(-2). Let w(a) = a**3 + 32*a**2 - 3*a - 93. Let f be w(-32). What is the greatest common factor of b and f?
1
Let c = 36 - 21. Suppose c = -5*m + 40. What is the highest common divisor of 1 and m?
1
Let a(f) = -f**2 + 21*f + 81. Let c be a(24). Calculate the greatest common factor of 4 and c.
1
Suppose -55 - 29 = -3*a. What is the highest common divisor of 70 and a?
14
Let g(p) = p**2 + 2*p + 2. Let t be g(-3). Suppose -3*b - 9 = 150. Let f = b - -88. What is the greatest common factor of t and f?
5
Let j(b) = -2*b**2 + 3*b**2 - 5 - 1 + 2*b + 0*b. Let x be j(-5). Let u = x + 2. What is the greatest common factor of 121 and u?
11
Let n(b) = 12*b - 4. Let r be n(5). What is the greatest common divisor of 7 and r?
7
Suppose 0 = -3*r - v + 15, -4*r + 8*v + 36 = 4*v. What is the greatest common factor of r and 15?
3
Suppose 27*h - 66 = 21*h. Calculate the greatest common divisor of h and 22.
11
Suppose p - 2*p - 32 = 0. Suppose 0 = -3*g - f - 52, f - 172 = 5*g - 72. Let b = g - p. What is the greatest common divisor of 104 and b?
13
Let p = 205 + -133. Let y be (1/(-2))/(5/(-90)). What is the greatest common divisor of y and p?
9
Let x = 16 + -12. Suppose 8*y = x*y + 168. What is the greatest common factor of 28 and y?
14
Let l = 1 + -1. Let c = 2 + l. Suppose 4*v + 3*x - 17 = 0, -2*x = 2*v - 4 - 6. What is the highest common factor of c and v?
2
Suppose -308 = -0*v - 4*v. What is the greatest common divisor of 22 and v?
11
Suppose 3*m + 140 = 3*t + m, 3*t - 154 = -5*m. Let i = 72 - t. Let r be (6 - -4) + -1*2. What is the greatest common divisor of i and r?
8
Let t(f) = 8*f + 2. Let z be t(1). Suppose o = -z + 41. What is the greatest common factor of 248 and o?
31
Suppose -3*p + 51 = 3*s, 5*p - 5*s - 53 = -2*s. Suppose 3*v - p - 17 = 0. What is the highest common factor of 70 and v?
10
Suppose 4*u = 3*p + p + 56, 0 = p - 2. Calculate the highest common divisor of u and 128.
16
Let v be 29 - (-3)/((-3)/(-1)). Suppose 3*a - v = -2*d, -16 = a - 5*a. Calculate the greatest common factor of 63 and d.
9
Let n = -19 + 18. Let o(s) = -186*s**3 + 2*s**2 - 1. Let a be o(n). Let c be (-2)/(-8) + (-134)/(-8). What is the greatest common factor of c and a?
17
Let v be 1/(-4 - -5)*-5. Let s = 23 + v. What is the highest common divisor of s and 12?
6
Let j = -22 + 137. Calculate the highest common divisor of j and 23.
23
Let j = 187 - 143. Calculate the highest common factor of 4 and j.
4
Suppose 14 + 62 = 4*r. Suppose 5*p - r = 66. What is the greatest common divisor of 68 and p?
17
Suppose 3*y = 4*s + 46, -3*y - 2*s + 86 = 2*s. Calculate the highest common factor of 11 and y.
11
Suppose 0 = 2*f - 3*f + 4. What is the greatest common divisor of 1 and f?
1
Let t = 19 + 2. Let o be (t - -1) + 4 + -2. What is the greatest common factor of 8 and o?
8
Let a be 25 + 1/(3/9). What is the greatest common factor of a and 308?
28
Let l = 15 - 11. Let r be l*1/2 + 2. What is the greatest common factor of 6 and r?
2
Suppose 0 = -c, -2*c - c + 56 = 4*m. Calculate the highest common divisor of 35 and m.
7
Suppose -4*x + 0 + 8 = 0. What is the highest common factor of 5 and x?
1
Let l = 5 - -7. Suppose 0*b = -5*b - 20, 2*o - l = 4*b. Let k be 0 + o*(-7)/2. Calculate the highest common factor of 7 and k.
7
Let u(q) = 16*q - 2. Let m be u(2). Let j = m - 16. Let l be (3/(-3))/(-1) + 1. What is the highest common factor of l and j?
2
Suppose -2*h + 0 = -2*i - 2, -i = h - 11. What is the greatest common factor of h and 78?
6
Let k(p) be the second derivative of 7*p**3/3 + 7*p**2/2 - p. Let i be k(6). Suppose -3*z = z - 52. What is the greatest common divisor of i and z?
13
Let w = -26 - -48. Suppose n + 5*j = 70 + 24, -3*n = -3*j - 210. Let o = n + -19. What is the greatest common factor of o and w?
11
Suppose -3*v - 5*b = -5*v + 34, -2*b - 43 = -5*v. What is the greatest common factor of v and 77?
7
Let p be 3 + 0 - (-8 - -5). Let y be (4/6)/(2/p). What is the greatest common factor of 8 and y?
2
Let t(f) = 2*f**3 - 6*f**2 - 4*f + 4. Suppose 3*s - 12 = 3. Let c be t(s). What is the highest common factor of 12 and c?
12
Let u be (-4 + 7)*1 - -2. Calculate the highest common factor of 55 and u.
5
Let l = 102 - 66. What is the greatest common divisor of 12 and l?
12
Suppose 4*z - 18 = -0*z - 2*x, 4*z - 22 = 2*x. What is the highest common divisor of 2 and z?
1
Suppose -210*m = -213*m + 60. Calculate the greatest common factor of m and 220.
20
Suppose 2 + 0 = b. What is the highest common divisor of b and 2?
2
Let x = -2 - -5. Suppose -g - 2*i + 15 = -2, x*g - 31 = 4*i. Suppose -2*n + 20 = -6. Calculate the highest common divisor of g and n.
13
Let k(a) = a**2 + 11*a - 10. Let o be k(-9). Let n be (o + 1)/((-12)/8). Let f = 38 - n. What is the greatest common divisor of 30 and f?
10
Let d(y) = -y**2 - 6*y - 6. Let s be d(-4). Suppose 2*u - 102 = -3*r, 0 = 3*u + s*r - 19 - 124. What is the greatest common factor of u and 18?
9
Suppose 139 - 43 = 4*i. Let b be 270/i + (-3)/(-4). What is the highest common factor of b and 6?
6
Let o(m) = 2*m + 24. Let z be o(-8). Calculate the greatest common factor of 32 and z.
8
Let h(w) = w**2 + 4*w + 5. Let v be h(-6). Calculate the gre